NOAA style reports
Select a Year or Month report
V/Λ2021 > Jan Feb Mar Apr May Jun Jul Aug Sep Oct Nov Dec
V/Λ2020 > Jan Feb Mar Apr May Jun Jul Aug Sep Oct Nov Dec
V/Λ2019 > Jan Feb Mar Apr May Jun Jul Aug Sep Oct Nov Dec
V/Λ2018 > Jan Feb Mar Apr May Jun Jul Aug Sep Oct Nov Dec
V/Λ2017 > Jan Feb Mar Apr May Jun Jul Aug Sep Oct Nov Dec
V/Λ2016 > Jan Feb Mar Apr May Jun Jul Aug Sep Oct Nov Dec
V/Λ2015 > Jan Feb Mar Apr May Jun Jul Aug Sep Oct Nov Dec
                   Monthly Climatological Summary for Apr. 2016

Name: Eric Olthwaite   City: Gooseberry Hill   State: Western Australia
Elevation: 245 m  Lat: S 31° 57' 32"   Lon: E 116° 02' 48"

                  Temperature (°C), Rain (mm), Wind Speed (km/h)

                                      Heat  Cool        Avg
    Mean                              Deg   Deg         Wind                 Dom
Day Temp  High   Time   Low    Time   Days  Days  Rain  Speed High   Time    Dir
----------------------------------------------------------------------------------
01  19.8  25.2   15:29  16.4   06:39   0.4   2.0   0.0   2.0  16.6   07:06     E
02  23.0  28.6   15:21  19.1   09:00   0.0   4.7   0.0   2.7  16.6   09:00     E
03  24.3  32.0   15:22  18.7   06:56   0.0   6.0   0.0   1.0   9.0   09:14     N
04  19.4  25.1   15:13  13.1   07:04   1.1   2.2   0.0   1.4  11.2   01:40   WNW
05  16.3  21.5   15:18  12.4   06:07   2.6   0.6   0.0   2.2  16.9   07:59   ENE
06  17.6  22.7   14:43  13.3   06:44   1.7   1.1   0.0   4.0  20.5   09:34     E
07  18.8  22.9   15:13  15.5   09:00   0.8   1.3   0.0   4.3  22.7   07:54   ESE
08  20.4  25.3   14:42  17.1   09:00   0.2   2.2   0.0   4.2  21.6   10:16     E
09  18.3  22.1   15:57  16.6   06:38   0.5   0.5   7.1   5.0  22.3   06:24   ESE
10  21.1  23.9   16:32  18.9   09:26   0.0   2.8   0.0   7.6  29.5   12:45     E
11  19.1  21.4   09:45  18.4   17:29   0.0   0.8   5.1   5.4  22.0   09:57     E
12  20.2  22.7   13:19  19.4   22:04   0.0   1.9   4.1   0.5  10.8   16:53   WNW
13  19.6  24.1   15:39  16.4   06:29   0.4   1.7   0.0   0.6  10.8   13:45   WNW
14  18.7  22.1   15:22  16.1   05:51   0.7   1.1   0.0   1.4  15.1   04:30   ESE
15  19.9  24.8   13:44  16.7   05:31   0.4   2.0   0.0   5.7  31.7   03:23     E
16  22.2  28.7   13:37  18.8   07:39   0.0   3.9   1.0   1.6  18.4   09:54    NE
17  18.9  21.7   14:32  17.3   01:08   0.3   0.9   0.0   0.6  10.1   14:47   WNW
18  18.1  21.3   12:48  16.1   07:08   0.8   0.6  26.4   1.1  10.4   11:27   WNW
19  18.0  23.1   15:20  15.2   06:28   1.1   0.9   0.0   1.3  16.6   07:39     E
20  18.1  22.4   14:35  14.5   06:54   1.3   1.1   0.0   2.3  19.1   07:49     E
21  18.4  23.4   14:55  14.1   06:45   1.1   1.3   0.0   5.6  26.3   07:34     E
22  19.7  23.8   14:56  16.4   06:36   0.3   1.8   0.0   6.1  22.7   04:10     E
23  22.1  26.8   15:32  18.7   09:00   0.0   3.9   0.0   2.8  10.8   09:00   ENE
24  20.6  20.6   09:00  19.0   08:59   0.0   2.3   1.0   1.4   4.3   08:59   ENE
25  18.1  19.4   13:59  16.6   04:30   0.5   0.3  14.5   2.8  19.8   08:34   WNW
26  14.0  17.8   10:50  11.0   07:14   4.3   0.0   1.0   1.8  12.2   16:09   WNW
27  14.4  16.6   15:19  12.7   09:00   3.9   0.0   0.0   0.4   6.8   10:32     N
28  13.9  13.9   09:00  13.9   09:00   4.4   0.0   0.0   0.0   6.8   09:00     N
29  13.5  16.2   20:43  11.9   07:26   4.8   0.0   4.1   0.4   6.8   21:32   WNW
30  14.3  17.5   14:07  12.9   22:57   4.0   0.0   0.0   0.6  10.4   08:47     E
----------------------------------------------------------------------------------
    18.7  32.0     3    11.0    26    35.6  47.9  64.3   2.6  31.7    15       E

Max >=  30.0  1
Max <=  15.0  1
Min <=  12.0  2
Min <=   8.0  0
Max Rain: 26.4 on day 18
Days of Rain: 9 (>= 0.2 mm)  4 (>= 5.0 mm)  1 (>= 20.0 mm)
Heat Base: 18.3  Cool Base: 18.3  Method: Integration