NOAA style reports
Select a Year or Month report
V/Λ2020 > Jan Feb Mar Apr May Jun Jul Aug Sep Oct Nov Dec
V/Λ2019 > Jan Feb Mar Apr May Jun Jul Aug Sep Oct Nov Dec
V/Λ2018 > Jan Feb Mar Apr May Jun Jul Aug Sep Oct Nov Dec
V/Λ2017 > Jan Feb Mar Apr May Jun Jul Aug Sep Oct Nov Dec
V/Λ2016 > Jan Feb Mar Apr May Jun Jul Aug Sep Oct Nov Dec
V/Λ2015 > Jan Feb Mar Apr May Jun Jul Aug Sep Oct Nov Dec
                   Monthly Climatological Summary for Mar. 2016

Name: Eric Olthwaite   City: Gooseberry Hill   State: Western Australia
Elevation: 245 m  Lat: S 31° 57' 32"   Lon: E 116° 02' 48"

                  Temperature (°C), Rain (mm), Wind Speed (km/h)

                                      Heat  Cool        Avg
    Mean                              Deg   Deg         Wind                 Dom
Day Temp  High   Time   Low    Time   Days  Days  Rain  Speed High   Time    Dir
----------------------------------------------------------------------------------
01  20.7  27.1   13:57  16.2   06:33   0.3   2.7   0.0   3.4  22.7   03:38   ESE
02  24.4  31.9   13:48  19.2   05:38   0.0   6.1   0.0   1.2  20.5   09:15   NNW
03  21.0  28.5   12:47  15.8   05:13   0.5   3.2   0.0   1.8  15.8   15:18   WNW
04  22.0  28.4   14:09  17.1   06:26   0.1   3.8   0.0   3.1  25.9   07:59     E
05  22.5  28.9   14:59  18.2   05:05   0.0   4.2   0.0   3.8  22.7   08:53     E
06  24.0  30.3   15:05  18.4   06:07   0.0   5.6   0.0   4.8  25.9   08:33     E
07  25.6  31.8   14:43  20.0   06:22   0.0   7.3   0.0   4.0  24.1   07:12     E
08  26.6  33.6   14:54  21.3   06:27   0.0   8.3   0.0   2.8  18.4   08:36     E
09  27.3  36.3   14:54  20.1   06:48   0.0   9.0   0.0   1.4  18.0   09:36   NNW
10  23.9  30.5   13:22  19.1   06:38   0.0   5.6   0.0   1.6  12.2   17:46     W
11  24.4  31.6   14:20  19.2   06:08   0.0   6.1   0.0   4.1  24.8   00:21     E
12  26.3  33.3   14:23  22.5   06:35   0.0   8.0   0.0   3.0  20.2   07:27     E
13  30.3  37.6   14:33  24.8   05:15   0.0  12.0   0.0   6.5  28.4   04:45     E
14  31.3  38.2   14:07  23.8   06:55   0.0  13.0   0.0   4.0  19.1   21:04     E
15  24.1  30.7   14:24  19.1   06:38   0.0   5.8   0.0   2.1  14.8   12:35   WNW
16  21.1  27.8   14:22  15.9   06:22   0.5   3.3   0.0   3.6  27.7   05:41     E
17  21.2  27.6   14:39  16.3   06:04   0.4   3.3   0.0   5.8  29.2   08:57     E
18  23.2  28.1   15:53  19.0   09:00   0.0   4.9   0.0   6.1  28.8   10:55     E
19  20.1  21.7   08:57  18.6   11:44   0.0   1.8   1.0   3.7  18.7   16:33     E
20  25.2  30.7   14:20  21.4   05:56   0.0   6.9   0.0   3.6  20.5   06:49     E
21  24.8  31.4   13:53  20.5   06:20   0.0   6.5   0.0   2.2  16.6   02:15   ENE
22  21.4  26.5   12:01  18.3   06:50   0.0   3.1   0.0   4.2  25.2   00:00     E
23  19.5  23.1   14:26  17.8   01:24   0.1   1.3   0.0   5.5  25.2   14:29   ESE
24  21.8  25.1   13:30  19.4   09:00   0.0   3.5   0.0   6.2  28.1   13:13     E
25  24.7  31.0   14:46  19.5   08:00   0.0   6.4   8.4   3.2  23.0   09:58     E
26  19.5  21.1   12:58  15.8   07:45   0.1   1.1  13.7   4.6  18.4   11:53     E
27  18.1  21.8   15:50  14.6   06:13   1.1   0.9   0.0   2.3  20.9   08:23    NE
28  19.6  24.2   15:16  16.1   06:15   0.5   1.7   0.0   2.1  20.2   14:26     E
29  21.7  27.3   15:37  18.3   06:19   0.0   3.4   0.0   2.1  13.3   06:36     E
30  22.7  28.7   14:57  17.9   06:36   0.0   4.4   0.0   0.9   9.7   09:06   ENE
31  20.5  26.1   13:36  17.3   05:36   0.2   2.4   0.0   1.2  10.8   13:09   WNW
----------------------------------------------------------------------------------
    23.2  38.2    14    14.6    27     3.8 155.6  23.1   3.4  29.2    17       E

Max >=  30.0 14
Max <=  15.0  0
Min <=  12.0  0
Min <=   8.0  0
Max Rain: 13.7 on day 26
Days of Rain: 3 (>= 0.2 mm)  2 (>= 5.0 mm)  0 (>= 20.0 mm)
Heat Base: 18.3  Cool Base: 18.3  Method: Integration