NOAA style reports
Select a Year or Month report
V/Λ2021 > Jan Feb Mar Apr May Jun Jul Aug Sep Oct Nov Dec
V/Λ2020 > Jan Feb Mar Apr May Jun Jul Aug Sep Oct Nov Dec
V/Λ2019 > Jan Feb Mar Apr May Jun Jul Aug Sep Oct Nov Dec
V/Λ2018 > Jan Feb Mar Apr May Jun Jul Aug Sep Oct Nov Dec
V/Λ2017 > Jan Feb Mar Apr May Jun Jul Aug Sep Oct Nov Dec
V/Λ2016 > Jan Feb Mar Apr May Jun Jul Aug Sep Oct Nov Dec
V/Λ2015 > Jan Feb Mar Apr May Jun Jul Aug Sep Oct Nov Dec
                   Monthly Climatological Summary for Feb. 2016

Name: Eric Olthwaite   City: Gooseberry Hill   State: Western Australia
Elevation: 245 m  Lat: S 31° 57' 32"   Lon: E 116° 02' 48"

                  Temperature (°C), Rain (mm), Wind Speed (km/h)

                                      Heat  Cool        Avg
    Mean                              Deg   Deg         Wind                 Dom
Day Temp  High   Time   Low    Time   Days  Days  Rain  Speed High   Time    Dir
----------------------------------------------------------------------------------
01  17.2  22.7   14:58  13.1   05:31   2.0   0.9   0.0   1.8  13.0   08:26   WNW
02  21.1  27.8   15:13  16.0   06:01   0.3   3.1   0.0   2.9  17.3   05:58   ESE
03  24.1  31.3   15:50  18.2   06:06   0.0   5.9   0.0   3.1  31.0   03:37     E
04  27.1  34.1   14:48  22.3   05:14   0.0   8.8   0.0   2.8  16.6   07:30     E
05  28.1  36.1   13:57  21.7   06:48   0.0   9.8   0.0   2.2  14.8   14:13    NW
06  27.4  34.9   12:50  19.7   06:01   0.0   9.1   0.0   3.8  28.1   07:03   ESE
07  30.8  38.7   15:12  24.5   09:00   0.0  12.5   0.0   3.2  21.6   09:21     E
08  33.5  41.1   14:32  27.3   06:19   0.0  15.2   0.0   2.6  15.8   09:33     E
09  33.1  42.2   14:34  25.6   06:13   0.0  14.8   0.0   2.8  16.6   01:58     E
10  32.0  41.2   12:31  24.9   06:56   0.0  13.7   0.0   2.1  14.8   12:09   NNW
11  27.6  36.6   14:33  20.5   06:16   0.0   9.3   0.0   1.5  10.1   11:49   WNW
12  25.1  32.4   14:27  19.9   06:06   0.0   6.8   0.0   2.0  14.0   08:29   WNW
13  25.8  30.8   16:09  22.2   09:00   0.0   7.5   0.0   3.4  17.3   09:57   ESE
14  24.4  31.7   15:57  17.2   06:16   0.1   6.1   0.0   4.2  25.9   06:54     E
15  25.7  32.6   15:38  19.1   05:46   0.0   7.4   0.0   6.0  28.4   09:16     E
16  30.3  37.2   15:30  23.5   09:00   0.0  12.0   0.0   3.6  24.5   09:27     E
17  26.5  34.8   11:51  19.2   06:24   0.0   8.2   0.0   1.7  13.3   15:37   WNW
18  23.8  30.2   14:44  19.1   03:32   0.0   5.5   0.0   3.8  25.9   07:40   ESE
19  23.3  29.8   15:04  18.2   05:49   0.0   5.0   0.0   5.9  25.9   01:22     E
20  25.1  32.5   15:25  19.6   06:10   0.0   6.8   0.0   1.4  18.7   09:38    NE
21  21.7  26.7   12:57  18.1   06:01   0.0   3.4   0.0   2.6  17.3   13:17   WNW
22  19.5  24.8   14:52  15.6   05:54   0.7   1.8   0.0   1.5  12.2   11:34   WNW
23  18.2  23.9   15:16  13.3   06:20   1.5   1.4   0.0   2.2  16.2   08:26   WNW
24  18.6  24.6   14:21  14.1   06:24   1.2   1.5   0.0   3.1  23.0   04:30   ESE
25  22.2  28.7   16:07  16.7   06:08   0.2   4.0   0.0   3.2  20.2   08:47   ESE
26  28.8  35.2   15:22  21.0   09:00   0.0  10.5   0.0   3.7  24.5   09:43     E
27  28.7  38.1   12:33  22.0   06:08   0.0  10.4   0.0   2.5  18.0   12:56   WNW
28  22.4  29.1   15:12  17.8   04:16   0.0   4.2   0.0   1.6  14.4   11:16   WNW
29  21.0  26.0   14:00  16.7   06:10   0.3   2.9   0.0   1.9  15.8   14:48   WNW
----------------------------------------------------------------------------------
    25.3  42.2     9    13.1     1     6.3 208.5   0.0   2.9  31.0     3       E

Max >=  30.0 19
Max <=  15.0  0
Min <=  12.0  0
Min <=   8.0  0
Max Rain: 0.0 on day 0
Days of Rain: 0 (>= 0.2 mm)  0 (>= 5.0 mm)  0 (>= 20.0 mm)
Heat Base: 18.3  Cool Base: 18.3  Method: Integration