NOAA style reports
Select a Year or Month report
V/Λ2021 > Jan Feb Mar Apr May Jun Jul Aug Sep Oct Nov Dec
V/Λ2020 > Jan Feb Mar Apr May Jun Jul Aug Sep Oct Nov Dec
V/Λ2019 > Jan Feb Mar Apr May Jun Jul Aug Sep Oct Nov Dec
V/Λ2018 > Jan Feb Mar Apr May Jun Jul Aug Sep Oct Nov Dec
V/Λ2017 > Jan Feb Mar Apr May Jun Jul Aug Sep Oct Nov Dec
V/Λ2016 > Jan Feb Mar Apr May Jun Jul Aug Sep Oct Nov Dec
V/Λ2015 > Jan Feb Mar Apr May Jun Jul Aug Sep Oct Nov Dec
                   Monthly Climatological Summary for Jan. 2016

Name: Eric Olthwaite   City: Gooseberry Hill   State: Western Australia
Elevation: 245 m  Lat: S 31° 57' 32"   Lon: E 116° 02' 48"

                  Temperature (°C), Rain (mm), Wind Speed (km/h)

                                      Heat  Cool        Avg
    Mean                              Deg   Deg         Wind                 Dom
Day Temp  High   Time   Low    Time   Days  Days  Rain  Speed High   Time    Dir
----------------------------------------------------------------------------------
01  25.6  32.7   16:48  18.8   07:35   0.0   7.0   1.0   6.2  28.1   05:24   ESE
02  28.0  35.6   15:45  21.8   06:13   0.0   9.6   0.0   3.7  25.6   05:46     E
03  29.0  37.3   15:26  23.2   05:19   0.0  10.7   0.0   3.3  22.0   03:49   ESE
04  24.8  31.6   15:51  20.4   05:35   0.0   6.3   0.0   1.3  11.2   15:49   WNW
05  24.7  31.7   14:37  19.8   05:34   0.0   6.4   0.0   1.8  14.8   14:59   WNW
06  27.9  35.6   13:05  23.3   05:54   0.0   9.3   0.0   4.5  22.0   00:17     E
07  32.7  41.0   16:02  26.5   08:57   0.0  14.0   0.0   4.3  18.7   21:15     E
08  27.7  34.4   12:24  22.8   05:49   0.0   9.4   0.0   3.6  21.2   13:11     E
09  26.7  36.6   14:51  20.9   05:18   0.0   8.3   0.0   1.9  13.3   15:13   WNW
10  22.0  26.9   16:07  18.7   04:42   0.0   3.7   0.0   2.1  12.6   15:03   WNW
11  22.7  28.7   13:25  19.0   05:38   0.0   4.3   0.0   2.2  19.8   14:05   WNW
12  19.7  25.5   16:37  15.1   05:27   0.7   2.2   1.0   2.4  30.6   08:58   ESE
13  22.6  30.4   15:01  15.8   05:45   0.4   4.7   0.0   5.2  30.6   09:00     E
14  25.9  33.4   14:57  20.2   09:00   0.0   7.5   0.0   4.7  23.0   09:40     E
15  29.2  36.2   15:52  24.1   05:26   0.0  10.9   0.0   3.0  15.8   02:58     E
16  29.4  36.7   12:18  23.9   05:39   0.0  11.1   0.0   1.5  13.3   15:49    NW
17  26.0  33.2   14:57  20.3   07:13   0.0   7.7   0.0   1.8  11.9   10:50   WNW
18  19.3  24.1   17:10  16.0   05:18   0.6   1.6   0.0   2.2  13.0   16:49    NW
19  17.9  24.6   15:05  15.7   01:33   1.3   0.9   6.1   1.8  19.8   11:39     E
20  20.4  24.9   11:51  17.0   05:54   0.1   2.2   0.0   1.2  10.4   14:26   WNW
21  21.3  27.4   17:27  16.2   05:52   0.3   3.3   0.0   2.8  20.9   04:18   ESE
22  23.9  30.2   14:30  19.6   05:47   0.0   5.6   0.0   3.1  17.3   07:14   ESE
23  26.3  32.8   16:06  20.9   05:22   0.0   8.0   2.0   3.3  20.5   08:26   ESE
24  28.2  36.0   15:12  20.7   07:23   0.0   9.9   5.3   3.2  20.2   08:34   ESE
25  25.3  32.6   16:28  21.1   05:12   0.0   7.0   0.0   4.2  16.6   19:28     E
26  26.4  32.9   15:40  20.5   06:48   0.0   8.1   0.0   3.5  22.0   06:31   ESE
27  25.1  32.5   14:22  17.3   05:53   0.1   6.9   0.0   4.8  32.4   01:47     E
28  25.7  33.5   15:54  18.5   06:23   0.0   7.4   0.0   5.9  25.6   01:23   ESE
29  29.0  36.0   15:50  22.6   09:00   0.0  10.7   0.0   5.6  29.9   23:32     E
30  21.2  24.6   09:00  19.6   16:24   0.0   2.9   6.1   2.2  18.7   17:40   ESE
31  17.0  22.6   13:01  12.4   05:24   2.3   1.0   0.0   1.3  13.3   18:03   WNW
----------------------------------------------------------------------------------
    24.9  41.0     7    12.4    31     5.8 208.6  21.5   3.2  32.4    27       E

Max >=  30.0 22
Max <=  15.0  0
Min <=  12.0  0
Min <=   8.0  0
Max Rain: 6.1 on day 19
Days of Rain: 6 (>= 0.2 mm)  3 (>= 5.0 mm)  0 (>= 20.0 mm)
Heat Base: 18.3  Cool Base: 18.3  Method: Integration