NOAA style reports
Select a Year or Month report
V/Λ2021 > Jan Feb Mar Apr May Jun Jul Aug Sep Oct Nov Dec
V/Λ2020 > Jan Feb Mar Apr May Jun Jul Aug Sep Oct Nov Dec
V/Λ2019 > Jan Feb Mar Apr May Jun Jul Aug Sep Oct Nov Dec
V/Λ2018 > Jan Feb Mar Apr May Jun Jul Aug Sep Oct Nov Dec
V/Λ2017 > Jan Feb Mar Apr May Jun Jul Aug Sep Oct Nov Dec
V/Λ2016 > Jan Feb Mar Apr May Jun Jul Aug Sep Oct Nov Dec
V/Λ2015 > Jan Feb Mar Apr May Jun Jul Aug Sep Oct Nov Dec
                   Monthly Climatological Summary for Dec. 2015

Name: Eric Olthwaite   City: Gooseberry Hill   State: Western Australia
Elevation: 245 m  Lat: S 31° 57' 32"   Lon: E 116° 02' 48"

                  Temperature (°C), Rain (mm), Wind Speed (km/h)

                                      Heat  Cool        Avg
    Mean                              Deg   Deg         Wind                 Dom
Day Temp  High   Time   Low    Time   Days  Days  Rain  Speed High   Time    Dir
----------------------------------------------------------------------------------
01  22.1  28.6   15:37  15.8   05:26   0.4   4.1   0.0   4.2  22.3   08:57   ESE
02  27.2  34.6   14:45  21.7   09:00   0.0   8.9   0.0   2.2  18.0   09:00   ENE
03  22.4  31.4   12:46  16.1   05:33   0.4   4.6   0.0   2.1  14.0   12:56   WNW
04  18.6  25.3   15:58  13.3   05:01   1.7   2.0   5.1   1.8  13.0   14:56   WNW
05  14.4  17.1   16:30  12.7   10:44   3.9   0.0  12.4   2.1  16.2   10:05   WNW
06  16.6  19.5   14:07  14.4   05:53   1.8   0.1   0.0   2.1  14.8   16:30   WNW
07  17.2  22.4   14:26  12.6   05:39   2.0   0.9   0.0   1.9  19.8   13:22   WNW
08  19.3  25.2   13:54  15.2   05:05   0.9   1.9   0.0   1.6  12.6   15:17   WNW
09  19.7  26.6   13:43  14.9   05:42   1.0   2.4   0.0   2.3  24.5   03:56     E
10  21.7  29.0   14:39  15.4   05:56   0.5   3.8   0.0   3.9  22.0   03:52     E
11  23.5  31.8   15:17  18.1   04:54   0.0   5.3   0.0   1.6  18.7   09:08    NE
12  21.7  28.8   11:45  16.6   05:16   0.3   3.7   0.0   1.4  10.4   16:58   WNW
13  20.7  27.2   15:01  15.4   05:37   0.6   3.0   0.0   2.0  13.0   18:58    NW
14  21.1  27.8   14:07  16.5   03:41   0.4   3.2   0.0   1.4  12.6   15:21    NW
15  22.0  30.0   14:47  16.4   03:37   0.4   4.1   0.0   2.3  12.6   13:52   WNW
16  22.4  28.3   12:34  17.5   05:09   0.1   4.2   0.0   2.2  19.1   01:17   WNW
17  23.9  31.6   13:49  17.3   05:31   0.1   5.7   0.0   3.3  23.0   02:19   ESE
18  20.3  28.2   13:42  14.5   06:25   0.9   2.9   0.0   2.6  12.6   08:16     W
19  19.5  24.9   14:02  15.1   05:56   0.8   2.0   0.0   3.9  18.7   04:08    SE
20  22.9  29.7   15:16  17.1   05:21   0.1   4.7   0.0   4.4  26.6   11:20   ESE
21  28.7  35.7   14:18  23.2   05:30   0.0  10.4   0.0   3.2  18.7   09:02   ESE
22  30.8  38.8   14:18  25.4   05:54   0.0  12.4   0.0   3.3  17.6   06:28     E
23  27.9  39.8   14:30  18.4   07:00   0.0   9.6   0.0   2.0  10.1   09:24   WNW
24  20.4  28.5   11:58  13.6   05:01   1.2   3.3   0.0   2.3  14.4   11:41   WNW
25  21.8  29.4   15:39  14.4   05:58   0.7   4.3   0.0   4.4  24.8   02:12   ESE
26  25.9  32.8   16:31  19.4   09:00   0.0   7.6   0.0   2.2  23.0   09:10    NE
27  30.3  38.3   15:38  24.7   05:17   0.0  12.0   0.0   2.6  17.3   07:27   ESE
28  32.7  41.3   14:20  26.3   06:11   0.0  13.5   0.0   2.5  16.2   15:16   ESE
29  27.5  36.8   14:08  21.3   06:06   0.0   9.2   0.0   1.7  13.0   12:46   WNW
30  23.8  32.5   14:17  17.6   05:25   0.1   5.5   0.0   4.4  25.6   06:28     E
31  23.7  31.9   15:29  16.2   05:46   0.3   5.7   0.0   6.4  30.2   02:45     E
----------------------------------------------------------------------------------
    22.9  41.3    28    12.6     7    18.6 161.0  17.5   2.7  30.2    31       E

Max >=  30.0 14
Max <=  15.0  0
Min <=  12.0  0
Min <=   8.0  0
Max Rain: 12.4 on day 5
Days of Rain: 2 (>= 0.2 mm)  2 (>= 5.0 mm)  0 (>= 20.0 mm)
Heat Base: 18.3  Cool Base: 18.3  Method: Integration