NOAA style reports
Select a Year or Month report
V/Λ2020 > Jan Feb Mar Apr May Jun Jul Aug Sep Oct Nov Dec
V/Λ2019 > Jan Feb Mar Apr May Jun Jul Aug Sep Oct Nov Dec
V/Λ2018 > Jan Feb Mar Apr May Jun Jul Aug Sep Oct Nov Dec
V/Λ2017 > Jan Feb Mar Apr May Jun Jul Aug Sep Oct Nov Dec
V/Λ2016 > Jan Feb Mar Apr May Jun Jul Aug Sep Oct Nov Dec
V/Λ2015 > Jan Feb Mar Apr May Jun Jul Aug Sep Oct Nov Dec
                   Monthly Climatological Summary for Nov. 2015

Name: Eric Olthwaite   City: Gooseberry Hill   State: Western Australia
Elevation: 245 m  Lat: S 31° 57' 32"   Lon: E 116° 02' 48"

                  Temperature (°C), Rain (mm), Wind Speed (km/h)

                                      Heat  Cool        Avg
    Mean                              Deg   Deg         Wind                 Dom
Day Temp  High   Time   Low    Time   Days  Days  Rain  Speed High   Time    Dir
----------------------------------------------------------------------------------
01  18.7  25.5   14:39  14.6   04:39   0.0   0.4   0.0   1.5   8.6   09:29    NW
02  18.7  22.4   14:46  14.6   05:36   0.0   0.4  19.8   2.8  12.2   14:28     W
03  19.4  26.0   13:56  14.6   05:16   0.0   1.1   1.0   1.3   6.5   17:56     W
04  19.6  26.6   13:56  15.0   02:06   0.0   1.3   0.0   1.3   7.2   14:36   WNW
05  19.4  24.2   13:36  16.0   04:47   0.0   1.1   0.0   1.7   9.7   09:36   WNW
06  19.3  24.2   16:57  16.6   03:47   0.0   1.0   1.0   1.2   6.8   20:17     W
07  18.0  22.2   15:57  15.2   05:37   0.3   0.0   0.0   1.4   6.5   16:57     W
08  18.4  23.4   17:17  16.4   05:07   0.4   0.5   0.0   1.5   7.9   20:30     W
09  22.7  30.3   14:47  16.5   05:26   0.2   4.6   0.0   4.1  21.2   22:37   ESE
10  22.5  31.0   13:50  16.5   05:45   0.3   4.6   0.0   1.7  14.0   09:00    SE
11  23.4  30.6   15:00  17.7   05:40   0.0   5.1   0.0   0.0  14.0   09:00    SE
12  25.3  33.3   14:32  19.4   05:24   0.0   7.0   0.0   0.0  14.0   09:00    SE
13  27.7  35.0   15:08  21.7   04:41   0.0   9.4   0.0   0.0  14.0   09:00    SE
14  28.0  37.1   12:18  20.2   05:28   0.0   9.7   0.0   0.0  14.0   09:00    SE
15  24.7  32.6   14:42  19.0   05:31   0.0   6.4   0.0   0.0  14.0   09:00    SE
16  26.3  33.0   15:23  20.7   05:01   0.0   8.0   0.0   0.0  14.0   09:00    SE
17  19.7  26.7   10:28  15.8   05:19   0.8   2.1   0.0   2.8  21.6   08:29   WNW
18  16.4  20.6   09:58  13.3   02:48   2.2   0.3   1.0   2.5  19.8   09:21     W
19  17.2  22.1   15:04  12.7   05:28   2.0   0.9   0.0   2.6   5.8   10:15   WNW
20  21.2  28.7   16:17  14.8   05:12   0.7   3.5   0.0   1.0   6.5   17:03   WNW
21  26.2  33.7   14:46  20.8   05:18   0.0   7.9   0.0   4.4  24.5   04:39     E
22  25.6  36.0   13:18  18.8   05:15   0.0   7.3   0.0   2.6  18.7   13:02   WNW
23  22.4  29.4   14:26  18.4   06:04   0.0   3.9   0.0   2.5  13.0   15:59   WNW
24  21.4  28.6   14:20  15.4   05:42   0.5   3.5   0.0   2.7  15.1   15:00   WNW
25  21.0  28.3   13:32  14.3   05:22   0.9   3.6   0.0   3.0  13.0   11:27   WNW
26  23.1  30.5   15:52  16.9   05:26   0.1   4.9   0.0   2.6  13.3   08:26   WNW
27  24.2  31.7   13:43  17.1   05:08   0.1   6.0   0.0   2.7  20.9   02:16   WNW
28  22.4  29.4   13:51  17.1   05:26   0.1   4.2   0.0   1.8  13.7   02:46    NW
29  20.4  28.4   12:31  14.3   04:22   1.0   3.2   0.0   2.2  12.2   06:41   WNW
30  19.5  26.4   13:32  13.7   05:59   1.1   2.3   0.0   3.6  20.9   13:57    SE
----------------------------------------------------------------------------------
    21.8  37.1    14    12.7    19    10.7 114.2  22.9   1.8  24.5    21     WNW

Max >=  30.0 12
Max <=  15.0  0
Min <=  12.0  0
Min <=   8.0  0
Max Rain: 19.8 on day 2
Days of Rain: 4 (>= 0.2 mm)  1 (>= 5.0 mm)  0 (>= 20.0 mm)
Heat Base: 18.3  Cool Base: 18.3  Method: Integration