NOAA style reports
Select a Year or Month report
V/Λ2020 > Jan Feb Mar Apr May Jun Jul Aug Sep Oct Nov Dec
V/Λ2019 > Jan Feb Mar Apr May Jun Jul Aug Sep Oct Nov Dec
V/Λ2018 > Jan Feb Mar Apr May Jun Jul Aug Sep Oct Nov Dec
V/Λ2017 > Jan Feb Mar Apr May Jun Jul Aug Sep Oct Nov Dec
V/Λ2016 > Jan Feb Mar Apr May Jun Jul Aug Sep Oct Nov Dec
V/Λ2015 > Jan Feb Mar Apr May Jun Jul Aug Sep Oct Nov Dec
                   Monthly Climatological Summary for Sep. 2015

Name: Eric Olthwaite   City: Gooseberry Hill   State: Western Australia
Elevation: 245 m  Lat: S 31° 57' 32"   Lon: E 116° 02' 48"

                  Temperature (°C), Rain (mm), Wind Speed (km/h)

                                      Heat  Cool        Avg
    Mean                              Deg   Deg         Wind                 Dom
Day Temp  High   Time   Low    Time   Days  Days  Rain  Speed High   Time    Dir
----------------------------------------------------------------------------------
21  13.1  16.7   20:09  10.8   05:35   5.2   0.0   0.0   7.3  20.9   06:51   ESE
22  18.7  25.9   14:09  14.3   09:00   0.0   0.4   0.0   6.6  20.2   06:16   ESE
23  22.7  29.1   14:30  17.9   09:00   0.0   4.4   0.0   5.3  16.9   01:22     E
24  20.8  30.3   13:07  14.8   05:31   0.0   2.5   0.0   1.9  12.2   13:56   WNW
25  16.5  25.3   14:29  10.6   05:52   1.8   0.0   0.0   2.0  11.9   15:48     W
26  16.9  23.2   14:50  13.3   03:53   1.4   0.0   0.0   4.7  23.8   08:54   ESE
27  17.4  24.3   15:02  12.0   06:12   0.9   0.0   0.0   6.8  19.8   09:28   ESE
28  18.5  26.3   13:54  14.0   06:19   0.0   0.2   0.0   1.4  17.6   09:03   WNW
29  17.3  22.6   13:16  14.0   06:24   1.0   0.0   0.0   1.7   9.7   09:26     W
30  19.9  23.6   13:06  16.2   23:46   0.0   1.6   0.0   0.0   9.7   09:00     W
----------------------------------------------------------------------------------
    18.2  30.3    24    10.6    25    10.3   9.1   0.0   3.7  23.8    26     ESE

Max >=  30.0  1
Max <=  15.0  0
Min <=  12.0  3
Min <=   8.0  0
Max Rain: 0.0 on day 0
Days of Rain: 0 (>= 0.2 mm)  0 (>= 5.0 mm)  0 (>= 20.0 mm)
Heat Base: 18.3  Cool Base: 18.3  Method: Integration