NOAA style reports
Select a Year or Month report
V/Λ2021 > Jan Feb Mar Apr May Jun Jul Aug Sep Oct Nov Dec
V/Λ2020 > Jan Feb Mar Apr May Jun Jul Aug Sep Oct Nov Dec
V/Λ2019 > Jan Feb Mar Apr May Jun Jul Aug Sep Oct Nov Dec
V/Λ2018 > Jan Feb Mar Apr May Jun Jul Aug Sep Oct Nov Dec
V/Λ2017 > Jan Feb Mar Apr May Jun Jul Aug Sep Oct Nov Dec
V/Λ2016 > Jan Feb Mar Apr May Jun Jul Aug Sep Oct Nov Dec
V/Λ2015 > Jan Feb Mar Apr May Jun Jul Aug Sep Oct Nov Dec
                   Monthly Climatological Summary for Jul. 2021

Name: Eric Olthwaite   City: Gooseberry Hill   State: Western Australia
Elevation: 245 m  Lat: S 31° 57' 32"   Lon: E 116° 02' 48"

                  Temperature (°C), Rain (mm), Wind Speed (km/h)

                                      Heat  Cool        Avg
    Mean                              Deg   Deg         Wind                 Dom
Day Temp  High   Time   Low    Time   Days  Days  Rain  Speed High   Time    Dir
----------------------------------------------------------------------------------
01  12.4  16.7   14:15   8.2   07:26   5.9   0.0   0.0   1.8  14.0   05:27     E
02  12.4  17.4   14:14   8.8   07:13   5.9   0.0   0.0   4.1  23.0   04:38     E
03  15.1  19.3   13:55  10.9   09:00   3.3   0.0   3.2   3.9  21.0   09:27     E
04  11.2  13.3   13:35   9.6   03:46   7.1   0.0  45.2   2.0  19.0   13:53   NNW
05  11.1  14.9   14:48   9.3   23:55   7.2   0.0  12.8   2.4  31.0   12:34   WNW
06  12.0  16.5   14:49   9.1   06:10   6.3   0.0  37.8   2.8  60.0   20:17    NW
07  11.9  15.6   15:02   9.6   04:53   6.4   0.0   1.8   1.9  19.0   13:45     W
08  12.9  16.6   14:10  11.3   19:59   5.4   0.0   4.8   2.0  26.0   14:16    NW
09  10.9  17.2   11:27   7.6   08:01   7.4   0.0  30.2   2.2  27.0   14:00   NNW
10  11.7  16.3   14:13   9.1   09:00   6.6   0.0   0.0   1.8  16.0   07:58     E
11  13.4  18.0   14:33  11.0   09:00   4.9   0.0  11.2   4.7  31.0   22:39   ENE
12  14.6  19.4   13:35  12.7   09:00   3.7   0.0  26.6   5.1  34.0   21:01   WNW
13  13.1  16.9   12:29  10.8   04:53   5.2   0.0  13.0   3.1  34.0   11:35   WNW
14  11.7  15.3   15:06   9.7   22:28   6.6   0.0  15.0   3.7  26.0   05:22     W
15  11.9  15.7   13:04  10.2   19:44   6.4   0.0   4.6   1.4  23.0   09:13   WSW
16  12.3  15.2   13:00  10.9   23:19   6.0   0.0   1.2   1.2  11.0   15:21   SSE
17  12.9  17.5   13:06  10.8   23:47   5.4   0.0   1.6   1.0  13.0   12:09     N
18  11.8  16.4   13:14   9.6   05:00   6.5   0.0   5.6   1.0  11.0   11:01    NW
19  13.0  16.1   13:55  11.2   07:04   5.3   0.0   2.6   2.7  27.0   08:15     E
20  12.2  15.3   01:36  11.3   09:00   6.1   0.0  30.8   3.8  26.0   13:24     E
21  11.8  16.6   13:44   7.7   07:40   6.5   0.0   0.0   2.0  13.0   07:05    SE
22  11.9  16.3   14:32   8.9   09:00   6.4   0.0   2.0   1.4  14.0   09:48   WNW
23  11.9  16.6   11:36   9.4   07:21   6.4   0.0   2.4   2.0  23.0   13:36     W
24  12.5  16.3   13:57  11.3   21:09   5.8   0.0   0.6   1.0  18.0   13:47   WNW
25  13.5  18.7   12:38  10.6   07:34   4.8   0.0   0.0   2.7  24.0   13:42    NW
26  13.9  16.3   11:31  11.1   07:25   4.4   0.0  38.8   5.5  43.0   22:23   WNW
27  11.2  15.2   14:13   8.9   22:04   7.1   0.0   5.6   2.4  23.0   12:05     W
28  13.4  17.1   14:37  10.7   09:00   4.9   0.0  12.0   3.6  32.0   05:50    NW
29  13.9  18.4   15:01  10.2   07:17   4.4   0.0  16.6   7.0  43.0   16:35   WNW
30   9.6  14.2   13:52   6.2   07:34   8.7   0.0   4.6   2.4  34.0   11:17     W
----------------------------------------------------------------------------------
    12.4  19.4    12     6.2    30   177.0   0.0 330.6   2.8  60.0     6      NW

Max >=  30.0  0
Max <=  15.0  3
Min <=  12.0 29
Min <=   8.0  3
Max Rain: 45.2 on day 4
Days of Rain: 25 (>= 0.2 mm)  14 (>= 5.0 mm)  6 (>= 20.0 mm)
Heat Base: 18.3  Cool Base: 18.3  Method: Integration