NOAA style reports
Select a Year or Month report
V/Λ2020 > Jan Feb Mar Apr May Jun Jul Aug Sep Oct Nov Dec
V/Λ2019 > Jan Feb Mar Apr May Jun Jul Aug Sep Oct Nov Dec
V/Λ2018 > Jan Feb Mar Apr May Jun Jul Aug Sep Oct Nov Dec
V/Λ2017 > Jan Feb Mar Apr May Jun Jul Aug Sep Oct Nov Dec
V/Λ2016 > Jan Feb Mar Apr May Jun Jul Aug Sep Oct Nov Dec
V/Λ2015 > Jan Feb Mar Apr May Jun Jul Aug Sep Oct Nov Dec
                   Monthly Climatological Summary for Nov. 2020

Name: Eric Olthwaite   City: Gooseberry Hill   State: Western Australia
Elevation: 245 m  Lat: S 31° 57' 32"   Lon: E 116° 02' 48"

                  Temperature (°C), Rain (mm), Wind Speed (km/h)

                                      Heat  Cool        Avg
    Mean                              Deg   Deg         Wind                 Dom
Day Temp  High   Time   Low    Time   Days  Days  Rain  Speed High   Time    Dir
----------------------------------------------------------------------------------
01  13.6  16.9   08:55  12.3   01:15   4.7   0.0  14.0   2.4  24.1   16:38     E
02  16.0  21.2   10:36  12.7   03:33   2.6   0.3   2.2   1.2  17.7   17:09   WNW
03  16.4  23.6   14:13  11.8   05:41   2.7   0.8   0.0   2.8  27.4   08:57    SE
04  17.7  25.4   14:46  11.1   05:16   2.2   1.5   0.0   4.9  29.0   22:44   ESE
05  22.1  31.8   15:42  14.2   05:04   0.8   4.6   0.0   5.0  30.6   04:38   ESE
06  20.3  28.8   15:10  14.2   05:40   1.1   3.1   0.0   6.0  30.6   12:21     E
07  20.7  30.0   15:01  14.9   00:42   1.0   3.4   0.0   1.3  19.3   09:19   WNW
08  18.1  25.2   13:46  13.4   01:10   1.9   1.7   0.0   1.7  19.3   06:28    NW
09  11.9  19.8   09:00   8.5   05:42   6.4   0.0  36.2   2.7  29.0   13:29   WNW
10  12.8  17.3   15:49   8.7   03:11   5.5   0.0   3.4   2.0  16.1   14:11   SSW
11  14.1  21.4   14:43   9.2   05:05   4.4   0.1   0.0   1.3  16.1   13:34   WSW
12  17.3  22.8   14:13  14.3   05:02   1.8   0.8  14.4   2.3  20.9   13:41   WNW
13  15.8  20.3   13:41  13.2   07:32   2.7   0.2   5.0   1.4  17.7   16:20   WNW
14  13.0  19.2   13:37   9.8   01:28   5.3   0.0  21.0   2.0  22.5   13:19   WNW
15  15.5  20.9   15:09  11.2   02:08   3.1   0.4   0.0   1.9  19.3   12:02   WNW
16  18.0  26.2   14:52  12.3   04:53   2.0   1.8   0.0   1.2  14.5   13:27   WNW
17  17.5  23.3   11:34  14.4   02:20   1.5   0.7   0.0   1.0  16.1   11:15   WNW
18  17.9  25.2   12:41  13.1   05:19   1.9   1.5   0.0   1.6  17.7   13:33     W
19  18.8  26.8   13:56  13.7   05:49   1.4   2.0   0.0   1.8  16.1   14:48   WSW
20  18.3  26.1   12:41  13.5   04:56   1.9   1.9   0.0   1.9  20.9   13:52   WSW
21  18.8  27.3   14:12  13.4   05:28   1.6   2.0   0.0   3.3  30.6   06:26    SE
22  21.9  30.3   14:08  16.8   05:28   0.2   3.7   0.0   3.4  27.4   06:52   ESE
23  27.6  36.9   15:40  22.8   05:29   0.0   9.3   0.0   3.1  20.9   03:44   ESE
----------------------------------------------------------------------------------
    17.6  36.9    23     8.5     9    56.7  39.8  96.2   2.5  30.6     5      SE

Max >=  30.0  4
Max <=  15.0  0
Min <=  12.0  7
Min <=   8.0  0
Max Rain: 36.2 on day 9
Days of Rain: 7 (>= 0.2 mm)  5 (>= 5.0 mm)  2 (>= 20.0 mm)
Heat Base: 18.3  Cool Base: 18.3  Method: Integration