NOAA-style Climate Reports

   V/Λ SELECT: Month and Year   OR  >   Month
                   Monthly Climatological Summary for Aug 2022

Name: Eric Olthwaite   City: Gooseberry Hill   State: Western Australia
Elevation: 245 m  Lat: S 31° 57' 32"   Lon: E 116° 02' 48"

                  Temperature (°C), Rain (mm), Wind Speed (km/h)

                                      Heat  Cool        Avg
    Mean                              Deg   Deg         Wind                 Dom
Day Temp  High   Time   Low    Time   Days  Days  Rain  Speed High   Time    Dir
----------------------------------------------------------------------------------
01  12.1  17.6   15:35   8.2   07:40   6.2   0.0  23.6   6.5  43.0   03:02    SW
02  10.7  15.0   12:41   7.8   01:56   7.6   0.0  25.8   6.1  39.0   13:37   WSW
03  10.8  14.9   15:40   9.1   05:39   7.5   0.0  18.0   2.6  42.0   11:50   SSW
04  10.0  15.0   15:11   6.6   04:52   8.3   0.0   0.4   1.6  18.0   15:35   SSE
05  10.8  13.6   13:07   9.4   09:14   7.5   0.0   1.8   1.2  11.0   17:33     E
06  12.6  16.4   14:40  10.5   02:49   5.7   0.0  16.6   1.8  16.0   13:59    NW
07  12.4  16.9   14:34   9.8   20:00   5.9   0.0   0.2   1.5  26.0   07:13    NW
08   9.3  13.4   10:59   6.2   05:30   9.0   0.0  34.2   2.0  21.0   00:29   WNW
09   6.9  10.2   15:37   4.9   02:07  11.4   0.0   7.0   0.9  13.0   13:04   WSW
10  10.9  15.6   13:47   8.1   06:47   7.4   0.0   0.0   2.2  11.0   13:24   SSE
----------------------------------------------------------------------------------
    10.7  17.6     1     4.9     9    76.5   0.0 127.6   2.6  43.0     1     WSW

Max >=  30.0  0
Max <=  15.0  6
Min <=  12.0 10
Min <=   8.0  4
Max Rain: 34.2 on day 8
Days of Rain: 9 (>= 0.2 mm)  6 (>= 5.0 mm)  3 (>= 20.0 mm)
Heat Base: 18.3  Cool Base: 18.3  Method: Integration

Powered by Davis Vantage Pro2+  and   CumulusMX   v 3.19.3 (b3196)   MXUI Template v 2.2.4 by  Silver Acorn     Valid HTML5